{"id":44,"date":"2022-12-29T11:18:46","date_gmt":"2022-12-29T11:18:46","guid":{"rendered":"https:\/\/www.proyectosvidal.com\/?page_id=44"},"modified":"2022-12-29T12:50:51","modified_gmt":"2022-12-29T12:50:51","slug":"politica-de-privacidad","status":"publish","type":"page","link":"https:\/\/www.proyectosvidal.com\/index.php\/politica-de-privacidad\/","title":{"rendered":"POL\u00cdTICA DE PRIVACIDAD"},"content":{"rendered":"<p>[et_pb_section fb_built=\u00bb1&#8243; _builder_version=\u00bb4.19.4&#8243; _module_preset=\u00bbdefault\u00bb min_height=\u00bb315.8px\u00bb height=\u00bb634px\u00bb hover_enabled=\u00bb0&#8243; global_colors_info=\u00bb{}\u00bb background_color=\u00bb#f2f2f2&#8243; sticky_enabled=\u00bb0&#8243;][et_pb_row _builder_version=\u00bb4.19.4&#8243; _module_preset=\u00bbdefault\u00bb custom_margin=\u00bb-22px||||false|false\u00bb global_colors_info=\u00bb{}\u00bb][et_pb_column type=\u00bb4_4&#8243; _builder_version=\u00bb4.19.4&#8243; _module_preset=\u00bbdefault\u00bb global_colors_info=\u00bb{}\u00bb][et_pb_text _builder_version=\u00bb4.19.4&#8243; _module_preset=\u00bbdefault\u00bb text_font=\u00bbRaleway||||||||\u00bb global_colors_info=\u00bb{}\u00bb]<\/p>\n<div class=\"et_pb_row et_pb_row_0\">\n<div class=\"et_pb_column et_pb_column_4_4 et_pb_column_0  et_pb_css_mix_blend_mode_passthrough et-last-child\">\n<div class=\"et_pb_module et_pb_text et_pb_text_0  et_pb_text_align_left et_pb_bg_layout_light\">\n<div class=\"et_pb_text_inner\">\n<p><strong>POL\u00cdTICA DE PRIVACIDAD<\/strong><\/p>\n<p>De conformidad con lo establecido en la normativa vigente en Protecci\u00f3n de Datos de Car\u00e1cter Personal, le informamos que sus datos ser\u00e1n incorporados al sistema de tratamiento titularidad de VIDAL FABRICACI\u00d3N A MEDIDA con NIF B88607247 y domicilio social sito en C\/ D\u00cdAZ DEL CASTILLO N\u00ba 10 28823, COSLADA, MADRID, con la finalidad de atender sus consultas. En cumplimiento con la normativa vigente, VIDAL FABRICACI\u00d3N A MEDIDA informa que los datos ser\u00e1n conservados durante el plazo estrictamente necesario para cumplir con los preceptos mencionados con anterioridad.<\/p>\n<p>Mientras no nos comunique lo contrario, entenderemos que sus datos no han sido modificados, que usted se compromete a notificarnos cualquier variaci\u00f3n y que tenemos su consentimiento para utilizarlos para las finalidades mencionadas.<\/p>\n<p>VIDAL FABRICACI\u00d3N A MEDIDA informa que proceder\u00e1 a tratar los datos de manera l\u00edcita, leal, transparente, adecuada, pertinente, limitada, exacta y actualizada. Es por ello que VIDAL FABRICACI\u00d3N A MEDIDA se compromete a adoptar todas las medidas razonables para que estos se supriman o rectifiquen sin dilaci\u00f3n cuando sean inexactos.<\/p>\n<p>De acuerdo con los derechos que le confiere el la normativa vigente en protecci\u00f3n de datos podr\u00e1 ejercer los derechos de acceso, rectificaci\u00f3n, limitaci\u00f3n de tratamiento, supresi\u00f3n, portabilidad y oposici\u00f3n al tratamiento de sus datos de car\u00e1cter personal as\u00ed como del consentimiento prestado para el tratamiento de los mismos, dirigiendo su petici\u00f3n a la direcci\u00f3n postal indicada m\u00e1s arriba o al correo electr\u00f3nico <a href=\"mailto:fernando@proyectosvidal.com\">fernando@proyectosvidal.com<\/a>.<\/p>\n<p>Podr\u00e1 dirigirse a la Autoridad de Control competente para presentar la reclamaci\u00f3n que considere oportuna.<\/p>\n<p>El env\u00edo de estos datos implica la aceptaci\u00f3n de esta cl\u00e1usula.<\/p>\n<\/div>\n<\/div>\n<\/div>\n<\/div>\n<p>[\/et_pb_text][\/et_pb_column][\/et_pb_row][\/et_pb_section]<\/p>\n","protected":false},"excerpt":{"rendered":"<p>POL\u00cdTICA DE PRIVACIDAD De conformidad con lo establecido en la normativa vigente en Protecci\u00f3n de Datos de Car\u00e1cter Personal, le informamos que sus datos ser\u00e1n incorporados al sistema de tratamiento titularidad de VIDAL FABRICACI\u00d3N A MEDIDA con NIF B88607247 y domicilio social sito en C\/ D\u00cdAZ DEL CASTILLO N\u00ba 10 28823, COSLADA, MADRID, con la [&hellip;]<\/p>\n","protected":false},"author":1,"featured_media":0,"parent":0,"menu_order":0,"comment_status":"closed","ping_status":"closed","template":"","meta":{"_et_pb_use_builder":"on","_et_pb_old_content":"","_et_gb_content_width":"","footnotes":""},"class_list":["post-44","page","type-page","status-publish","hentry"],"_links":{"self":[{"href":"https:\/\/www.proyectosvidal.com\/index.php\/wp-json\/wp\/v2\/pages\/44","targetHints":{"allow":["GET"]}}],"collection":[{"href":"https:\/\/www.proyectosvidal.com\/index.php\/wp-json\/wp\/v2\/pages"}],"about":[{"href":"https:\/\/www.proyectosvidal.com\/index.php\/wp-json\/wp\/v2\/types\/page"}],"author":[{"embeddable":true,"href":"https:\/\/www.proyectosvidal.com\/index.php\/wp-json\/wp\/v2\/users\/1"}],"replies":[{"embeddable":true,"href":"https:\/\/www.proyectosvidal.com\/index.php\/wp-json\/wp\/v2\/comments?post=44"}],"version-history":[{"count":4,"href":"https:\/\/www.proyectosvidal.com\/index.php\/wp-json\/wp\/v2\/pages\/44\/revisions"}],"predecessor-version":[{"id":83,"href":"https:\/\/www.proyectosvidal.com\/index.php\/wp-json\/wp\/v2\/pages\/44\/revisions\/83"}],"wp:attachment":[{"href":"https:\/\/www.proyectosvidal.com\/index.php\/wp-json\/wp\/v2\/media?parent=44"}],"curies":[{"name":"wp","href":"https:\/\/api.w.org\/{rel}","templated":true}]}}

POLÍTICA DE PRIVACIDAD

<p>[et_pb_section fb_built=»1&#8243; _builder_version=»4.19.4&#8243; _module_preset=»default» min_height=»315.8px» height=»634px» hover_enabled=»0&#8243; global_colors_info=»{}» background_color=»#f2f2f2&#8243; sticky_enabled=»0&#8243;][et_pb_row _builder_version=»4.19.4&#8243; _module_preset=»default» custom_margin=»-22px||||false|false» global_colors_info=»{}»][et_pb_column type=»4_4&#8243; _builder_version=»4.19.4&#8243; _module_preset=»default» global_colors_info=»{}»][et_pb_text _builder_version=»4.19.4&#8243; _module_preset=»default» text_font=»Raleway||||||||» global_colors_info=»{}»]</p>
<div class="et_pb_row et_pb_row_0">
<div class="et_pb_column et_pb_column_4_4 et_pb_column_0  et_pb_css_mix_blend_mode_passthrough et-last-child">
<div class="et_pb_module et_pb_text et_pb_text_0  et_pb_text_align_left et_pb_bg_layout_light">
<div class="et_pb_text_inner">
<p><strong>POLÍTICA DE PRIVACIDAD</strong></p>
<p>De conformidad con lo establecido en la normativa vigente en Protección de Datos de Carácter Personal, le informamos que sus datos serán incorporados al sistema de tratamiento titularidad de VIDAL FABRICACIÓN A MEDIDA con NIF B88607247 y domicilio social sito en C/ DÍAZ DEL CASTILLO Nº 10 28823, COSLADA, MADRID, con la finalidad de atender sus consultas. En cumplimiento con la normativa vigente, VIDAL FABRICACIÓN A MEDIDA informa que los datos serán conservados durante el plazo estrictamente necesario para cumplir con los preceptos mencionados con anterioridad.</p>
<p>Mientras no nos comunique lo contrario, entenderemos que sus datos no han sido modificados, que usted se compromete a notificarnos cualquier variación y que tenemos su consentimiento para utilizarlos para las finalidades mencionadas.</p>
<p>VIDAL FABRICACIÓN A MEDIDA informa que procederá a tratar los datos de manera lícita, leal, transparente, adecuada, pertinente, limitada, exacta y actualizada. Es por ello que VIDAL FABRICACIÓN A MEDIDA se compromete a adoptar todas las medidas razonables para que estos se supriman o rectifiquen sin dilación cuando sean inexactos.</p>
<p>De acuerdo con los derechos que le confiere el la normativa vigente en protección de datos podrá ejercer los derechos de acceso, rectificación, limitación de tratamiento, supresión, portabilidad y oposición al tratamiento de sus datos de carácter personal así como del consentimiento prestado para el tratamiento de los mismos, dirigiendo su petición a la dirección postal indicada más arriba o al correo electrónico <a href="mailto:fernando@proyectosvidal.com">fernando@proyectosvidal.com</a>.</p>
<p>Podrá dirigirse a la Autoridad de Control competente para presentar la reclamación que considere oportuna.</p>
<p>El envío de estos datos implica la aceptación de esta cláusula.</p>
</div>
</div>
</div>
</div>
<p>[/et_pb_text][/et_pb_column][/et_pb_row][/et_pb_section]</p>

<p>POLÍTICA DE PRIVACIDAD De conformidad con lo establecido en la normativa vigente en Protección de Datos de Carácter Personal, le informamos que sus datos serán incorporados al sistema de tratamiento titularidad de VIDAL FABRICACIÓN A MEDIDA con NIF B88607247 y domicilio social sito en C/ DÍAZ DEL CASTILLO Nº 10 28823, COSLADA, MADRID, con la [&hellip;]</p>
